e 7) in base 13?
49b
Convert -265246 (base 7) to base 4.
-30023023
Convert 13314 (base 6) to base 11.
1605
What is 17a9 (base 13) in base 7?
13155
-1e69 (base 15) to base 11
-4a82
What is -9206 (base 15) in base 2?
-111100001101111
1022220 (base 3) to base 2
1111001001
84461 (base 9) to base 11
38a02
-576 (base 9) to base 4
-13122
33b5 (base 15) to base 8
25332
Convert -10187 (base 12) to base 2.
-101000111110111
-10130 (base 5) to base 10
-665
211025 (base 6) to base 14
6321
Convert 25352 (base 9) to base 2.
100001010100001
11041 (base 5) to base 8
1403
504 (base 14) to base 7
2604
What is -27d1 (base 14) in base 11?
-5323
What is -13314 (base 5) in base 4?
-100330
What is -130223 (base 4) in base 10?
-1835
-101001101010 (base 2) to base 15
-bcb
Convert 1270 (base 9) to base 10.
954
Convert 82 (base 13) to base 7.
211
Convert 7ac1 (base 13) to base 4.
10031022
What is 100100001000 (base 2) in base 9?
3148
-c00 (base 13) to base 3
-2210010
Convert 1100020122 (base 3) to base 9.
40218
Convert 14d9 (base 15) to base 14.
18bd
What is -843 (base 14) in base 4?
-121123
5413 (base 15) to base 10
17793
What is 12127 (base 8) in base 2?
1010001010111
Convert 23ba (base 16) to base 4.
2032322
What is 2151 (base 7) in base 6?
3323
Convert 60088 (base 10) to base 6.
1142104
What is 12202 (base 4) in base 11?
350
What is 202100000 (base 3) in base 15?
45d3
Convert 445 (base 15) to base 13.
593
What is -10304 (base 11) in base 3?
-202120212
-1734 (base 13) to base 2
-110101011111
What is 1263 (base 8) in base 4?
22303
-518 (base 14) to base 2
-1111101010
What is c3 (base 15) in base 6?
503
120011012 (base 3) to base 5
323143
What is 471 (base 13) in base 16?
300
Convert -9181 (base 12) to base 9.
-23587
266 (base 12) to base 9
446
839 (base 14) to base 8
3123
Convert 38d3 (base 16) to base 7.
60261
Convert -402 (base 5) to base 6.
-250
Convert 456 (base 14) to base 6.
3552
a60 (base 14) to base 12
1224
-1111101000011110 (base 2) to base 5
-4022110
What is 24415 (base 6) in base 4?
320123
-1551 (base 7) to base 5
-4444
-1011021022 (base 3) to base 10
-22796
Convert -11010010100 (base 2) to base 16.
-694
Convert 121305 (base 7) to base 8.
53130
2524 (base 6) to base 16
274
10120 (base 4) to base 13
187
What is -22233 (base 5) in base 15?
-6e8
28016 (base 11) to base 9
60715
219 (base 16) to base 15
25c
Convert 104004 (base 6) to base 3.
102212011
What is ccb (base 15) in base 4?
231023
What is 1222 (base 6) in base 14?
178
645 (base 9) to base 7
1352
-221102 (base 3) to base 15
-30b
What is 15551 (base 6) in base 8?
5033
What is -12010211 (base 3) in base 7?
-13633
1233 (base 5) to base 3
21011
What is 118 (base 13) in base 11?
163
What is -12010 (base 6) in base 16?
-6c6
1020121 (base 3) to base 2
1110001011
-217 (base 9) to base 3
-20121
What is 122021 (base 3) in base 8?
722
What is 13618 (base 9) in base 3?
110200122
-139c (base 15) to base 16
-1065
Convert 2250 (base 11) to base 7.
11425
What is 7b20 (base 14) in base 8?
51620
What is 11012222 (base 3) in base 4?
300011
What is 312 (base 10) in base 7?
624
72714 (base 8) to base 9
45326
-5238 (base 13) to base 4
-2301222
Convert -100000 (base 3) to base 13.
-159
What is -338 (base 15) in base 16?
-2d8
311 (base 11) to base 5
3000
What is 1001010111000001 (base 2) in base 9?
57526
2565 (base 7) to base 12
696
112221120 (base 3) to base 15
3366
What is -22 (base 7) in base 15?
-11
-12212202 (base 3) to base 6
-31502
-8e7c (base 15) to base 4
-13120323
Convert -2111011 (base 3) to base 7.
-5200
-112334 (base 7) to base 15
-5e2b
Convert 1210212 (base 3) to base 2.
10100100111
What is 242146 (base 7) in base 9?
66304
-13120 (base 5) to base 11
-861
What is -10115 (base 10) in base 2?
-10011110000011
What is -1110010011101 (base 2) in base 11?
-555a
Convert 22600 (base 8) to base 4.
2112000
What is 22705 (base 9) in base 13?
6b87
Convert -77120 (base 8) to base 10.
-32336
-d2 (base 16) to base 14
-110
What is -1093 (base 11) in base 8?
-2631
Convert -13a5 (base 11) to base 10.
-1809
What is -12201212 (base 3) in base 4?
-1001111
What is -356 (base 13) in base 2?
-1001000010
Convert 665 (base 9) to base 13.
32c
-2986 (base 16) to base 14
-3c34
-6365 (base 8) to base 9
-4485
Convert -1b2 (base 13) to base 11.
-266
Convert -7d92 (base 15) to base 2.
-110100000111111
1111 (base 3) to base 12
34
What is -229 (base 16) in base 7?
-1420
Convert -111211 (base 5) to base 7.
-14314
What is -1010100110011 (base 2) in base 9?
-7400
Convert 110011001 (base 2) to base 8.
631
What is -313 (base 8) in base 16?
-cb
Convert 27310 (base 9) to base 4.
10200231
What is -1011101111 (base 2) in base 11?
-623
What is 2031 (base 6) in base 9?
551
Convert 130423 (base 5) to base 6.
35401
-856 (base 9) to base 14
-37d
-7685 (base 14) to base 16
-5015
Convert -626 (base 8) to base 10.
-406
What is 1da (base 16) in base 13?
2a6
-4210 (base 9) to base 10
-3087
What is 1566 (base 15) in base 5?
121341
Convert 2476 (base 14) to base 3.
22202011
What is 1402441 (base 5) in base 2?
110111101010000
-3121231 (base 5) to base 6
-1034053
What is 532 (base 7) in base 8?
414
Convert 9944 (base 12) to base 7.
100162
7b (base 14) to base 6
301
Convert 429 (base 10) to base 13.
270
What is -1c0 (base 14) in base 8?
-554
What is 30207 (base 8) in base 15?
3a33
Convert -828 (base 15) to base 6.
-12302
5c1d (base 16) to base 11
16798
821 (base 11) to base 6
4331
Convert 229a (base 11) to base 5.
44023
What is -3 (base 13) in base 8?
-3
What is -304 (base 10) in base 5?
-2204
What is -997 (base 15) in base 16?
-877
da9c (base 15) to base 2
1011010011000000
What is 110001000100001 (base 2) in base 13?
b585
702 (base 8) to base 14
242
Convert -111111001 (base 2) to base 4.
-13321
Convert 2474 (base 8) to base 10.
1340
Convert -140310 (base 5) to base 4.
-1121021
What is 22234 (base 6) in base 16?
c2e
8dcd (base 15) to base 9
45274
123354 (base 6) to base 3
120022021
-143745 (base 8) to base 5
-3114143
What is -1087 (base 11) in base 15?
-651
What is 20423 (base 5) in base 12?
957
What is 34313 (base 5) in base 14?
c78
Convert -11503 (base 9) to base 8.
-17022
3034 (base 11) to base 14
167c
What is -407 (base 15) in base 2?
-1110001011
Convert -10102202 (base 3) to base 11.
-1977
Convert 533 (base 11) to base 6.
2545
What is -9227 (base 13) in base 10?
-20144
-101022 (base 3) to base 15
-138
2c5 (base 15) to base 11
528
-37d (base 14) to base 9
-856
Convert -322202 (base 4) to base 13.
-1922
Convert -267b (base 14) to base 9.
-10255
What is 1010010100011 (base 2) in base 14?
1cd5
10502 (base 12) to base 4
11033102
What is 311002 (base 4) in base 6?
23414
Convert 208 (base 11) to base 3.
100021
What is -169b (base 16) in base 11?
-4391
What is -4618 (base 13) in base 2?
-10011001011111
Convert 124212 (base 6) to base 16.
2c30
What is 13055 (base 6) in base 12?
118b
12123 (base 6) to base 3
2102220
What is 4494 (base 13) in base 14?
36c9
What is 1001200011 (base 3) in base 4?
11012212
Convert -a17 (base 16) to base 11.
-1a39
Convert 13241 (base 5) to base 11.
894
2521 (base 7) to base 13
57a
43259 (base 11) to base 6
1203011
What is -12431 (base 5) in base 14?
-50b
Convert -1236a (base 12) to base 7.
-132013
What is -8db (base 16) in base 10?
-2267
Convert 12008 (base 13) to base 15.
9b78
What is -24333 (base 6) in base 9?
-4823
Convert 33200 (base 6) to base 9.
6280
Convert -1310 (base 7) to base 12.
-355
Convert 230 (base 9) to base 5.
1224
What is -1000010010 (base 2) in base 9?
-648
-1023 (base 14) to base 9
-3723
What is 20021 (base 3) in base 8?
251
Convert -5071 (base 8) to base 13.
-1264
What is -105626 (base 7) in base 3?
-221211122
1122101 (base 3) to base 11
99a
102414 (base 5) to base 11
2688
Convert 702 (base 13) to base 7.
3312
What is -223233 (base 4) in base 14?
-103d
a418 (base 11) to base 13
6397
What is -390 (base 16) in base 8?
-1620
Convert 4459 (base 11) to base 2.
1011011110000
4731 (base 9) to base 8
6667
Convert -213 (base 7) to base 6.
-300
What is -165 (base 15) in base 16?
-140
-8622 (base 15) to base 11
-1a362
Convert 2432 (base 12) to base 3.
12120202
Convert 1000000011100110 (base 2) to base 6.
412434
Convert -96 (base 12) to base 14.
-82
Convert -389 (base 10) to base 14.
-1db
-1141e (base 16) to base 7
-413040
What is -233